{"id":51,"date":"2018-05-04T20:11:04","date_gmt":"2018-05-04T18:11:04","guid":{"rendered":"http:\/\/lungwitz-foundation.de\/?page_id=51"},"modified":"2021-11-26T16:52:38","modified_gmt":"2021-11-26T15:52:38","slug":"gefoerderte-projekte","status":"publish","type":"page","link":"https:\/\/lungwitz-foundation.de\/?page_id=51","title":{"rendered":"Gef\u00f6rderte Projekte"},"content":{"rendered":"<p><strong>1999<\/strong><\/p>\n<p>Prof. Dr. med. Machleidt<br \/>\nAbteilung Sozialpsychiatrie und Psychotherapie, Medizinische Hochschule Hannover<br \/>\nDruckkostenzuschuss zu: Machleidt et al. \u201e<strong>Schizophrenie \u2013 eine affektive Erkrankung<\/strong>\u201c, Schattauer Verlag i.D.<\/p>\n<hr \/>\n<p><strong><br \/>\n2000<\/strong><\/p>\n<p>Dr. Dominik Gro\u00df<br \/>\nPD f\u00fcr Geschichte und Ethik der Medizin, Institut f\u00fcr Geschichte der Medizin der Universit\u00e4t W\u00fcrzburg<br \/>\n<strong>Forschungsprojekt \u201eHans Lungwitz\u201c<\/strong> mit drei Promotionsthemen:<br \/>\n<strong>\u00b7 \u201eDie Psychobiologie von Hans Lungwitz im Spiegel der Rezensionen in der Fach- und Laienpresse\u201c<br \/>\n\u00b7 \u201eHans Lungwitz (1881-1967) \u2013 Arzt und Schriftsteller. Der Stellenwert der Medizin in seinen literarischen Werken\u201c<br \/>\n\u00b7 \u201eHans Lungwitz (1881-1967) im Spiegel seiner sozialreformerischen Schriften\u201c<br \/>\n<\/strong><\/p>\n<hr \/>\n<p><strong><br \/>\n2001<\/strong><\/p>\n<p>Dr. med. Karsten Wolf<br \/>\nKlinik und Polyklinik f\u00fcr Psychiatrie und Psychotherapie am Universit\u00e4tsklinikum Hamburg-Eppendorf<br \/>\n<strong>\u201eDie funktionale Bedeutung der Gef\u00fchle Ekel und Verachtung \u2013 eine empirische Studie zur \u00dcberpr\u00fcfung des Lungwitzschen Konzeptes von den f\u00fcnf Grundgef\u00fchlen versus des Ekmanschen Konzeptes von den sechs Grundgef\u00fchlen\u201c<br \/>\n<\/strong><\/p>\n<hr \/>\n<p><strong>2002<\/strong><\/p>\n<p>Prof. Dr. rer. nat. Klaus Obermayer, Fakult\u00e4t f\u00fcr Elektrotechnik und Informatik, TU Berlin<br \/>\n\u201e<strong>International Neuroscience Summit 2002<\/strong>\u201c in Berlin<br \/>\nVeranstalter: Fachgebiet Neuronale Informationsverarbeitung, Fakult\u00e4t f\u00fcr Elektrotechnik und Informatik TU Berlin<\/p>\n<p>Dr. med. Karsten Wolf<br \/>\nKlinik und Polyklinik f\u00fcr Psychiatrie und Psychotherapie am Universit\u00e4tsklinikum Hamburg-Eppendorf<br \/>\n<strong>Pr\u00e4sentation seiner Forschungsergebnisse auf dem Weltkongress f\u00fcr Psychiatrie in Yokohama, Japan<\/strong><\/p>\n<p>Workshop \u201e <strong>Gef\u00fchl und Gef\u00fchlsausdruck<\/strong>\u201c<br \/>\nVeranstalter: PD Dr. med. Hans-Peter Wunderlich, Dr. Reinhold Becker, Hans-Lungwitz-Institut<br \/>\nTeilnehmer u. a.: Prof. Dr. R. Funk, Direktor des Institutes f\u00fcr Anatomie, TU Dresden<br \/>\nProf. Dr. D. H. Hellhammer, Dir. Inst. f. Psychobiologie, Universit\u00e4t Trier<br \/>\nProf. Dr. H. Markowitsch, Inst. f. Physiologische Psychologie, Universit\u00e4t Bielefeld<br \/>\nProf. Dr. A. Braun, Leibniz-Institut f\u00fcr Neurobiologie, Universit\u00e4t Magdeburg<\/p>\n<hr \/>\n<p><strong><br \/>\n2003<\/strong><\/p>\n<p>\u201e<strong>EU Advanced Course in Computational Neuroscience<\/strong>\u201c, August 2003 in Obidos, Portugal<br \/>\nVeranstalter: u. a. Prof. Dr. rer. nat. Klaus Obermayer, Fakult\u00e4t f\u00fcr Elektrotechnik und Informatik, Fachgebiet Neuronale Informationsverarbeitung, TU Berlin<\/p>\n<p>Dr. med. Reinhold Becker<br \/>\n\u201e<strong>Die Psychobiologie von Hans Lungwitz (1881-1967)<\/strong>\u201c<br \/>\nPublikation in \u201eW\u00fcrzburger Medizinhistorische Mitteilungen\u201c, Band 22 2003<\/p>\n<hr \/>\n<p><strong><br \/>\n2004<\/strong><\/p>\n<p>PD Dr. rer. nat. Martina Piefke<br \/>\nNeurologische Klinik\/Neurolinguistik, Universit\u00e4tsklinikum der RWTH Aachen<br \/>\n\u201e<strong>Kortikale und subkortikale Repr\u00e4sentationen der Verarbeitung emotionaler Information im Gehirn. Die psychobiologische Theorie von Hans Lungwitz im Licht der modernen Neurowissenschaft<\/strong>\u201c<\/p>\n<p>Prof. Dr. Andreas K. Engel<br \/>\nDirektor, Institut f\u00fcr Neurophysiologie und Pathophysiologie, Zentrum f\u00fcr Experimentelle Medizin, Universit\u00e4tsklinikum Hamburg-Eppendorf<br \/>\n\u201e<strong>Die Dynamik von Aufmerksamkeitseffekten und perzeptuellen Entscheidungen im menschlichen Sehsystem<\/strong>\u201c und<br \/>\n\u201e<strong>Metauntersuchung zur Lungwitzschen Theorie der Verarbeitungsdynamik im Zentralen Nervensystem<\/strong>\u201c<\/p>\n<p>Dr. med. R. Becker, PD Dr. med. Hans-Peter Wunderlich (Herausgeber)<br \/>\n\u201e<strong>Gef\u00fchl und Gef\u00fchlsausdruck<\/strong>\u201c, Thieme Verlag<\/p>\n<hr \/>\n<p><strong><br \/>\n2005<\/strong><\/p>\n<p><strong>Workshop \u201eWirkfaktoren kognitiver Psychotherapien\u201c<\/strong><br \/>\nVeranstalter: PD Dr. med. Hans-Peter Wunderlich, Dr. Reinhold Becker, Hans-Lungwitz-Institut<br \/>\nTeilnehmer: Prof. Dr. H.-U. Wittchen, Klinische Psychologie und Psychotherapie, TU Dresden<br \/>\nProf. Dr. T. Elbert, Klinische Psychologie, Neurowissenschaften, Uni Konstanz<br \/>\nProf. Dr. D. Hellhammer, Psychobiologie, Uni Trier<br \/>\nProf. Dr. A. Engel, Neurophysiologie, Uni Hamburg<br \/>\nProf. Dr. W. Machleidt, Sozialpsychiatrie u. Psychotherapie, Med. Hochschule Hannover<br \/>\nH.-U. Sentker, Chefredakteur Wissenschaft bei DIE ZEIT<br \/>\n(Prof. Dr. Klaus Grawe, Uni Bern, ist leider wenige Tage vorher verstorben).<\/p>\n<hr \/>\n<p><strong><br \/>\n2006<\/strong><\/p>\n<p>Prof. Dr. Sabine Windmann,<br \/>\nInstitut f\u00fcr Psychologie, Universit\u00e4t Frankfurt<br \/>\n\u201e<strong>Funktionelle Pr\u00fcfung und Vergleich des Reifezustandes des orbitofrontalen Kortex bei Kindern und Erwachsenen mit versus ohne Angst<\/strong>\u201c<\/p>\n<hr \/>\n<p><strong>2009<\/strong><\/p>\n<p><strong>Gef\u00fchlsstrukturen und neuronale Grundlagen bipolarer St\u00f6rungen<\/strong><br \/>\nWissenschaftliches Seminar am 03.-04. April 2009<\/p>\n<p><a href=\"http:\/\/lungwitz-foundation.de\/wp-content\/uploads\/2018\/05\/gefuehlsstrukturen.jpg\"><img decoding=\"async\" loading=\"lazy\" class=\"alignnone size-medium wp-image-472\" src=\"http:\/\/lungwitz-foundation.de\/wp-content\/uploads\/2018\/05\/gefuehlsstrukturen-300x211.jpg\" alt=\"\" width=\"600\" height=\"422\" srcset=\"https:\/\/lungwitz-foundation.de\/wp-content\/uploads\/2018\/05\/gefuehlsstrukturen-300x211.jpg 300w, https:\/\/lungwitz-foundation.de\/wp-content\/uploads\/2018\/05\/gefuehlsstrukturen-768x539.jpg 768w, https:\/\/lungwitz-foundation.de\/wp-content\/uploads\/2018\/05\/gefuehlsstrukturen-1024x719.jpg 1024w, https:\/\/lungwitz-foundation.de\/wp-content\/uploads\/2018\/05\/gefuehlsstrukturen-214x150.jpg 214w, https:\/\/lungwitz-foundation.de\/wp-content\/uploads\/2018\/05\/gefuehlsstrukturen-150x105.jpg 150w, https:\/\/lungwitz-foundation.de\/wp-content\/uploads\/2018\/05\/gefuehlsstrukturen.jpg 1500w\" sizes=\"(max-width: 600px) 100vw, 600px\" \/><\/a><\/p>\n<p style=\"text-align: left;\">[<a href=\"http:\/\/www.lungwitz-foundation.de\/media\/img\/gefuehlsstrukturen.jpg\">zoomen mit Mausklick<\/a>]<\/p>\n<hr \/>\n<p><strong><br \/>\n2010<\/strong><\/p>\n<p>Buchver\u00f6ffentlichung<br \/>\nDr. med. R. Becker, PD Dr. med. Hans-Peter Wunderlich (Herausgeber)<br \/>\n<strong>\u201eGef\u00fchlsstrukturen und neuronale Grundlagen bipolarer St\u00f6rungen\u201c<\/strong><br \/>\nThieme Verlag<\/p>\n<p>Buchver\u00f6ffentlichung<br \/>\nHerausgeber und \u00dcberarbeitung: Dr. med. R. Becker<br \/>\n\u201eHans Lungwitz<br \/>\n<strong>Die Psychobiologie der Sprache\u201c<\/strong><br \/>\nThieme Verlag<\/p>\n<hr \/>\n<p><strong><br \/>\n2011<\/strong><\/p>\n<p>Christian Gro\u00df<br \/>\n<strong>\u201ePsychotrope Theorie . Thesen zur Philosophie des Geistes zwischen Naturalismus, Relativismus und Panpsychismus\u201c<\/strong><br \/>\nMasterarbeit an der Philosophischen Fakult\u00e4t der Universit\u00e4t Wien<\/p>\n<hr \/>\n<p><strong>2017<\/strong><\/p>\n<p>Friedrich Hausen<br \/>\n<strong>Philosophie der Psychobiologie<\/strong><br \/>\nHans Lungwitz im Kontext einschl\u00e4giger Positionen und Diskurse<br \/>\nVer\u00f6ffentlichung im Verlag Traugott-Bautz 2020<\/p>\n<hr \/>\n<p><strong>2018<\/strong><br \/>\nBuchver\u00f6ffentlichung<br \/>\nHerausgeber Karsten Wolf, Fengli Lan, Friedrich Wallner<br \/>\n<strong>Pr\u00e4senztherapie<\/strong><br \/>\nThieme Verlag<br \/>\nSiehe unter \u201eGef\u00f6rderte Publikationen\u201c<br \/>\nEvt. Verlinken? Book depository German suchen Pr\u00e4senztherapie<\/p>\n","protected":false},"excerpt":{"rendered":"<p>1999 Prof. Dr. med. Machleidt Abteilung Sozialpsychiatrie und Psychotherapie, Medizinische Hochschule Hannover Druckkostenzuschuss zu: Machleidt et al. \u201eSchizophrenie \u2013 eine affektive Erkrankung\u201c, Schattauer Verlag i.D. 2000 Dr. Dominik Gro\u00df PD f\u00fcr Geschichte und Ethik der Medizin, Institut f\u00fcr Geschichte der Medizin der Universit\u00e4t W\u00fcrzburg Forschungsprojekt \u201eHans Lungwitz\u201c mit drei Promotionsthemen:\u2026<\/p>\n<p class=\"continue-reading-button\"> <a class=\"continue-reading-link\" href=\"https:\/\/lungwitz-foundation.de\/?page_id=51\">Continue reading<i class=\"crycon-right-dir\"><\/i><\/a><\/p>\n","protected":false},"author":1,"featured_media":0,"parent":0,"menu_order":0,"comment_status":"closed","ping_status":"closed","template":"","meta":[],"_links":{"self":[{"href":"https:\/\/lungwitz-foundation.de\/index.php?rest_route=\/wp\/v2\/pages\/51"}],"collection":[{"href":"https:\/\/lungwitz-foundation.de\/index.php?rest_route=\/wp\/v2\/pages"}],"about":[{"href":"https:\/\/lungwitz-foundation.de\/index.php?rest_route=\/wp\/v2\/types\/page"}],"author":[{"embeddable":true,"href":"https:\/\/lungwitz-foundation.de\/index.php?rest_route=\/wp\/v2\/users\/1"}],"replies":[{"embeddable":true,"href":"https:\/\/lungwitz-foundation.de\/index.php?rest_route=%2Fwp%2Fv2%2Fcomments&post=51"}],"version-history":[{"count":11,"href":"https:\/\/lungwitz-foundation.de\/index.php?rest_route=\/wp\/v2\/pages\/51\/revisions"}],"predecessor-version":[{"id":576,"href":"https:\/\/lungwitz-foundation.de\/index.php?rest_route=\/wp\/v2\/pages\/51\/revisions\/576"}],"wp:attachment":[{"href":"https:\/\/lungwitz-foundation.de\/index.php?rest_route=%2Fwp%2Fv2%2Fmedia&parent=51"}],"curies":[{"name":"wp","href":"https:\/\/api.w.org\/{rel}","templated":true}]}}